v be (-1)/2 + (-287)/(-2). Calculate the highest common factor of v and u.
13
Let j(h) = 3*h**2 - 2*h. Let x be j(-2). Calculate the highest common factor of x and 20.
4
Let f = -15 - -20. Calculate the greatest common divisor of 55 and f.
5
Let h(b) = b**2 + 7*b + 13. Let o be h(-3). Let u = 10 + -1. Calculate the highest common factor of u and o.
1
Suppose 0 = 7*q - 52 - 4. Calculate the highest common factor of q and 72.
8
Let r = -22 - -25. What is the greatest common factor of r and 39?
3
Let f be ((-1)/(-2))/(5/150). What is the greatest common divisor of 5 and f?
5
Let z = 3 + 32. Let i be 8/12 + 1/3. Let l be i/(((-1)/(-5))/1). What is the highest common factor of l and z?
5
Suppose 47 = -3*b + 185. Suppose 2*x = 4 + b. Calculate the greatest common divisor of 10 and x.
5
Let j be 2/9 - 100/(-36). What is the greatest common divisor of j and 24?
3
Suppose -d - 3*o + o + 62 = 0, 5*d - 370 = 5*o. What is the greatest common divisor of d and 28?
14
Let q(p) = p**3 - 5*p**2 - 4*p + 8. Suppose 28 = 4*n + t, -n + t + 0 + 2 = 0. Let g be q(n). Calculate the highest common divisor of g and 5.
5
Suppose 5*i - 84 = -3*v, -2*i + 38 = -0*v - v. Suppose 3*k + 2*w = 11, 4*k + 4*w - i = 3*w. Let j = k + -1. Calculate the highest common factor of j and 1.
1
Suppose 4*d = -3*a + 68 + 64, 5*a - 110 = -3*d. Calculate the greatest common factor of d and 10.
10
Let p(l) = -23*l**3 - 2*l - 1. Suppose -2 = -3*z + 7. Let r = z - 4. Let f be p(r). Calculate the greatest common divisor of 36 and f.
12
Suppose 2*b = -b. Suppose b*j + j = 15. Let f be 5/5 + 4/2. What is the highest common divisor of f and j?
3
Suppose -4*y + 0*c - c = -57, -3 = -3*c. What is the greatest common divisor of 14 and y?
14
Suppose -2*i + 12 + 4 = 0. What is the highest common divisor of i and 12?
4
Let a = -71 + 127. What is the highest common factor of a and 7?
7
Suppose 0 = 3*m - 127 + 49. Let i be ((-2)/4)/(1/(-130)). What is the highest common divisor of i and m?
13
Suppose 18 = 2*o + o. Let i(y) = 2*y - 7. Let a be i(o). Let h = 17 + a. Calculate the greatest common factor of h and 2.
2
Let m = -100 - -160. What is the highest common divisor of 80 and m?
20
Let m(p) = p**2 - 3*p - 8. Let d be m(6). Let s = 106 - 86. Calculate the greatest common factor of s and d.
10
Suppose -2*r = -0*r - 6. Let q(o) = o**3 - 6*o**2 - 8*o + 2. Let k be q(7). Let u be 98/4 + k/10. What is the highest common divisor of r and u?
3
Let x be (-232)/(-8) - (-1 + 0). Suppose -18 = -3*j - 5*c, j - 6*j + 5*c + x = 0. What is the greatest common factor of j and 6?
6
Suppose 5*y - f - 58 = 0, 0 = -5*y - 3*f + 8*f + 50. Calculate the greatest common factor of 132 and y.
12
Suppose -x + 4*x = -r + 2, -4 = x + 5*r. Let t be (x/3)/((-3)/27). Let v be ((-2)/(-2))/(t/(-3)). What is the greatest common divisor of v and 2?
1
Let p(l) = 7*l**2 - l - 5. Let y be p(5). Let k be (-53)/11 - 2/11. Let u(s) = 2*s**2 + 6*s - 5. Let o be u(k). What is the highest common divisor of y and o?
15
Let j be (-1 - -2)/1 + 98. Let g be (100/6)/(22/j). Suppose -3*y + 53 = -4*p, -3*y = -0*y + 4*p - 37. Calculate the greatest common factor of g and y.
15
Let s = 11 + 11. Let z be (-3)/(-7) + (-1417)/(-91). Let x be ((-88)/z)/(2/(-12)). Calculate the highest common divisor of s and x.
11
Suppose 0*p = -t - 4*p + 49, -t = -5*p - 76. Suppose -t = -3*f + 65. Calculate the greatest common divisor of f and 6.
6
Let z be ((-2)/6)/(1/15). Let j be ((-25)/z)/((-1)/(-25)). What is the highest common divisor of 25 and j?
25
Suppose 4*u - 9*u + 1210 = 0. Calculate the greatest common factor of u and 22.
22
Let f = -22 + 82. Let b(u) = -u**3 - 4*u**2 + u + 4. Let y be b(-5). What is the highest common divisor of f and y?
12
Let a(z) = 53*z + 1. Let n be a(1). Suppose 11 = -t + 29. Calculate the highest common divisor of n and t.
18
Let q = -14 - -19. Suppose -b + l = 4*b - 13, q*l = -4*b - 7. Calculate the greatest common factor of b and 5.
1
Suppose -21 - 19 = -5*n - 2*b, 0 = -4*n + 5*b + 32. Calculate the highest common factor of 2 and n.
2
Suppose -2*k = k + 4*o - 75, 4*k - 4*o = 100. Suppose -550 = -43*f + 21*f. What is the greatest common divisor of f and k?
25
Suppose 5*m = 3*p + 70, -3*m - 1 = 3*p - 67. Let c = -9 + m. What is the greatest common factor of 20 and c?
4
Let a = -5 - -10. Suppose 3*v + a = 2*v. Let z = v + 9. What is the greatest common factor of 44 and z?
4
Let p(t) = -t**2 + 1. Let m(f) = 71*f**2 - f - 1. Let a(y) = m(y) + 2*p(y). Let j be a(1). Calculate the highest common divisor of j and 46.
23
Let j(l) = 6*l**2 + 3*l + 2. Let n be j(4). Suppose -o - 72 = -254. Let u be (-33)/22 - o/(-4). What is the highest common factor of n and u?
22
Let o(n) = -5*n + 4. Let d be o(-5). Let t = -3 + d. Let b = -18 + t. Calculate the greatest common divisor of b and 4.
4
Let o = 24 - 9. Calculate the highest common factor of o and 15.
15
Let n be (-652)/((-20)/5) + 5. Calculate the highest common divisor of n and 24.
24
Let b be ((-12)/(-8) - 3)*2. Suppose 0 = 5*s - 4*s + 2. Let x be 6*(2/s)/b. What is the highest common factor of 22 and x?
2
Let d = -8 - -11. Suppose -w = -2*w, -7 = -m + d*w. Let v(g) = -2*g**3 + 19*g**2 - 9*g + 14. Let z be v(9). What is the greatest common divisor of m and z?
7
Suppose 4*f = -11 - 9. Let b = f - -3. Let y = b - -24. What is the greatest common divisor of y and 55?
11
Suppose -42*z - 12 = -43*z. Calculate the greatest common factor of 108 and z.
12
Let j(m) = -7*m - 11. Let b be j(-3). Let l be 1/2 - (-438)/4. Calculate the highest common divisor of l and b.
10
Suppose -3*r = -4*r - 5*v - 10, -4*v - 5 = r. Let f = -3 + r. Suppose -3*a - 2 = -5*a, -5*c - 4*a = -484. What is the greatest common factor of f and c?
12
Let f = 15 + -7. Calculate the highest common divisor of 24 and f.
8
Let j = 1 + 1. Suppose 4*m - j*m - 76 = x, 3*x = -3*m + 132. What is the highest common factor of 5 and m?
5
Suppose 6*a - 63 = -a. What is the greatest common divisor of a and 9?
9
Let s = -16 + 22. What is the highest common divisor of s and 48?
6
Let w(k) = -1 - 4*k**3 + k**2 - 2*k**2 + 2*k + 19*k**3. Let p be w(1). What is the highest common divisor of 15 and p?
15
Suppose 5*l - 410 = 15. Suppose c - 3*a + 6*a - 19 = 0, 5*c = 5*a + 195. Calculate the greatest common divisor of c and l.
17
Suppose 12*u + 63 = 15*u. What is the highest common factor of u and 7?
7
Let j(c) = 3*c - c**2 + 0*c + c - 2. Let m be j(3). Suppose -2*i - 10 = 3*s, -2*i - 2*s - 13 = -7*i. What is the highest common divisor of i and m?
1
Let z = -32 - -28. Let p be 3/2 + (-2)/z. What is the greatest common divisor of p and 5?
1
Let b = 39 - 17. Suppose -3*w + 4*d = -248, -5*w + 637 = 5*d + 177. Calculate the greatest common factor of b and w.
22
Suppose -c + 0*c + 7 = 0. Let g = 16 + -2. Calculate the highest common factor of g and c.
7
Let f = 1 - -2. Let o(d) = -f - 6*d**2 - d - d**3 + 3 + 3. Let j be o(-6). Calculate the greatest common divisor of 36 and j.
9
Let o = -198 - -331. What is the highest common divisor of o and 7?
7
Let c be -5*(-3)/((-6)/4). Let q = 18 + c. Let r(p) = -p**3 - p + 8. Let z be r(0). Calculate the highest common divisor of z and q.
8
Let r(w) = w**2 - 2*w + 14. Let t be r(7). What is the greatest common factor of t and 7?
7
Suppose 0*r - c + 44 = 4*r, r - 32 = 5*c. Let y(a) be the first derivative of a**2 - 2*a - 5. Let h be y(7). Calculate the highest common divisor of h and r.
12
Let z(m) = 7*m**3 + m**2 - 2*m + 1. Let n be z(2). Calculate the greatest common divisor of n and 57.
57
Suppose 0 = -5*j + 3*d + 29, 0*j + j + 3*d - 13 = 0. Calculate the highest common factor of j and 35.
7
Let u = -3 - -5. Let g be -2*1 + u + -45. Let q be (-12)/2*g/6. What is the greatest common factor of q and 30?
15
Suppose -14*d + 1668 + 4128 = 0. What is the greatest common divisor of 46 and d?
46
Let r(f) = 5*f + 3 + 0*f + 10 - 2. Let w be r(16). Suppose -l = -9 - 4. Calculate the highest common divisor of l and w.
13
Let h(a) = -a - 4*a + 0*a + 10. Let o be h(-7). Let q = 106 - 76. What is the greatest common divisor of q and o?
15
Suppose 0 = 3*l + 2 + 4. Let s(w) = -w - 1. Let q be s(-2). Let u be l/(72/(-70) + q). What is the greatest common factor of 14 and u?
14
Let d = 22 - 11. Calculate the greatest common divisor of 121